ase 3) to base 7.
103366
What is 2031 (base 5) in base 13?
176
Convert 122431 (base 6) to base 9.
16031
What is 374 (base 8) in base 16?
fc
What is -2a2b (base 14) in base 13?
-353c
-121021 (base 3) to base 2
-110110111
-12120 (base 3) to base 5
-1100
What is 13005 (base 8) in base 4?
1120011
132dd (base 14) to base 3
2101210110
What is 4a5 (base 14) in base 7?
2465
Convert 110200 (base 3) to base 15.
17c
Convert -30c9 (base 13) to base 11.
-5092
What is -a7b (base 15) in base 5?
-33431
450544 (base 6) to base 11
26437
Convert -13b49 (base 13) to base 11.
-25942
What is 10100011000 (base 2) in base 5?
20204
Convert -47b4 (base 16) to base 4.
-10132310
What is 111000101 (base 2) in base 15?
203
Convert -11202210 (base 3) to base 13.
-1776
What is 627 (base 14) in base 10?
1211
Convert 3528 (base 9) to base 12.
1622
Convert e56 (base 16) to base 4.
321112
Convert 4149 (base 15) to base 4.
3113202
What is 627c (base 15) in base 11?
14705
What is 78 (base 11) in base 12?
71
51043 (base 6) to base 16
1a43
Convert 1ee (base 15) to base 4.
13001
Convert -864 (base 14) to base 10.
-1656
11110022 (base 3) to base 11
2493
Convert -1111200 (base 3) to base 12.
-776
What is -214 (base 11) in base 14?
-145
477 (base 11) to base 9
701
Convert -101100001 (base 2) to base 15.
-188
Convert 31323 (base 6) to base 5.
113402
202103 (base 5) to base 4
1212000
-218 (base 15) to base 12
-335
113 (base 15) to base 7
465
What is -3bb (base 14) in base 13?
-45c
Convert -22 (base 5) to base 9.
-13
Convert -14568 (base 9) to base 7.
-40664
-214 (base 15) to base 16
-1d5
What is 123 (base 10) in base 16?
7b
-110111100 (base 2) to base 14
-23a
-5345 (base 7) to base 12
-111b
What is 7a3 (base 11) in base 10?
960
-4841 (base 11) to base 6
-45201
Convert 44544 (base 11) to base 10.
64541
What is -33276 (base 13) in base 7?
-534201
What is -11001000111100 (base 2) in base 5?
-402420
15091 (base 10) to base 12
8897
What is -125 (base 9) in base 12?
-88
Convert -1193 (base 12) to base 14.
-a19
-12a (base 12) to base 2
-10110010
What is -2020121 (base 3) in base 15?
-741
-1010121 (base 3) to base 2
-1100111010
Convert 3750 (base 8) to base 5.
31044
Convert 1b98 (base 12) to base 5.
102203
-212 (base 12) to base 3
-102012
What is 476 (base 8) in base 11?
26a
Convert 752 (base 8) to base 6.
2134
What is -2820 (base 11) in base 16?
-e44
What is -44181 (base 9) in base 10?
-29314
6631 (base 8) to base 3
11202221
Convert -378c (base 14) to base 4.
-2120000
Convert -2516 (base 8) to base 15.
-608
Convert -1111022 (base 3) to base 13.
-659
What is 21b (base 13) in base 6?
1402
Convert -18a (base 16) to base 2.
-110001010
What is -4317 (base 10) in base 4?
-1003131
-133220 (base 4) to base 5
-31044
What is 15717 (base 9) in base 8?
25045
What is 2333 (base 8) in base 3?
1201001
Convert 1100101011110 (base 2) to base 3.
22220112
Convert -221101 (base 3) to base 15.
-30a
What is -3d3 (base 16) in base 4?
-33103
Convert -9230 (base 10) to base 9.
-13585
Convert -220311 (base 4) to base 15.
-b93
548 (base 9) to base 13
287
Convert -537 (base 9) to base 3.
-121021
Convert 210300 (base 5) to base 15.
20d5
Convert 12624 (base 7) to base 6.
23423
What is 423 (base 9) in base 4?
11121
What is -23100 (base 5) in base 16?
-672
Convert 1787 (base 12) to base 8.
5427
Convert e15 (base 16) to base 10.
3605
Convert -454442 (base 6) to base 2.
-1001011011011010
Convert -1789 (base 15) to base 16.
-13d7
What is -284 (base 9) in base 2?
-11101110
Convert 8a9 (base 13) to base 14.
787
Convert -8dd (base 15) to base 6.
-13144
What is -542 (base 9) in base 5?
-3233
-1932 (base 11) to base 16
-997
What is 1000111000 (base 2) in base 12?
3b4
Convert 1135 (base 9) to base 14.
442
What is -10e6e (base 16) in base 9?
-114862
-2435 (base 6) to base 12
-41b
Convert -32c7 (base 15) to base 8.
-25012
110100000100000 (base 2) to base 4
12200200
Convert 42602 (base 8) to base 14.
66b0
133217 (base 8) to base 15
dcaa
What is -3010 (base 4) in base 9?
-237
What is -15651 (base 7) in base 9?
-6080
Convert 333212 (base 4) to base 16.
fe6
What is -16425 (base 7) in base 16?
-1242
17667 (base 10) to base 2
100010100000011
-12811 (base 13) to base 11
-23871
10010111101110 (base 2) to base 12
5752
-470 (base 9) to base 12
-283
1147 (base 15) to base 7
13456
43543 (base 6) to base 8
13627
Convert -200112 (base 3) to base 11.
-415
Convert -1822 (base 9) to base 10.
-1397
Convert 325 (base 6) to base 10.
125
What is -201000 (base 3) in base 13?
-306
Convert -4250 (base 7) to base 6.
-10545
Convert 5505 (base 8) to base 16.
b45
What is 3bc (base 15) in base 13?
507
Convert -13233 (base 4) to base 6.
-2143
What is -14db (base 15) in base 14?
-18c1
Convert 52771 (base 8) to base 7.
121111
Convert -ba (base 14) to base 7.
-323
Convert 17627 (base 13) to base 6.
544135
Convert -1201200212 (base 3) to base 15.
-a148
What is 2310 (base 9) in base 10?
1710
-11001100011101 (base 2) to base 15
-3d25
11105 (base 6) to base 8
3021
Convert -564 (base 14) to base 16.
-42c
What is 335 (base 8) in base 4?
3131
What is -10b6 (base 15) in base 7?
-13224
-324 (base 9) to base 4
-10021
Convert 378 (base 11) to base 13.
286
819b (base 12) to base 5
422322
What is 101100111 (base 2) in base 10?
359
211 (base 16) to base 5
4104
-102120012 (base 3) to base 2
-10000011101101
Convert -20201011 (base 3) to base 4.
-1030123
What is -433 (base 12) in base 9?
-753
-13a1 (base 13) to base 5
-42320
101222 (base 3) to base 5
2141
225 (base 7) to base 15
7c
45051 (base 6) to base 8
14227
Convert -3773 (base 16) to base 3.
-201110202
What is -21001 (base 4) in base 13?
-355
-110112 (base 3) to base 6
-1322
-230 (base 10) to base 13
-149
10010111101010 (base 2) to base 7
40204
110435 (base 7) to base 12
b2b2
16333 (base 7) to base 11
352a
Convert -3000 (base 5) to base 4.
-11313
Convert -1222 (base 6) to base 14.
-178
-31414 (base 5) to base 2
-100000111101
Convert -51d4 (base 15) to base 5.
-1023144
-1a771 (base 12) to base 7
-222010
What is 6938 (base 15) in base 3?
1010121222
What is -18067 (base 15) in base 7?
-442411
Convert -71 (base 13) to base 4.
-1130
What is 10101000 (base 2) in base 15?
b3
Convert 4349 (base 14) to base 11.
8812
2330b (base 14) to base 2
10100111010011111
-10010001111010 (base 2) to base 9
-13725
Convert 848 (base 13) to base 9.
1838
What is de2 (base 16) in base 12?
2082
101031 (base 4) to base 3
1111210
-100a (base 11) to base 14
-6bb
Convert -37a (base 11) to base 4.
-13002
What is -41524 (base 6) in base 10?
-5596
What is 17a98 (base 14) in base 15?
12a63
5602 (base 9) to base 3
12200002
Convert 18a77 (base 13) to base 6.
1005513
18336 (base 12) to base 7
204066
422 (base 8) to base 12
1aa
Convert -1414320 (base 6) to base 2.
-10011100010101000
Convert 279b (base 15) to base 10.
8471
Convert -3665 (base 7) to base 3.
-1212202
What is -47630 (base 9) in base 7?
-161613
Convert -12101112 (base 3) to base 14.
-1609
Convert -443033 (base 5) to base 2.
-11110000100001
62721 (base 8) to base 9
38671
What is 12100 (base 4) in base 16?
190
Convert 47504 (base 10) to base 11.
32766
What is -21433 (base 6) in base 11?
-2263
What is -121100 (base 3) in base 16?
-1b9
403 (base 5) to base 6
251
What is 204 (base 8) in base 6?
340
Convert 30315 (base 6) to base 5.
112012
3be (base 15) to base 8
1526
Convert 10215 (base 13) to base 5.
1411132
What is -7617 (base 11) in base 3?
-111210122
Convert 1106 (base 7) to base 8.
616
What is -e4 (base 15) in base 10?
-214
What is -1706 (base 8) in base 11?
-7a9
What is 203044 (base 5) in base 3?
100010021
What is 12014 (base 6) in base 2?
11011001010
What is -125 (base 15) in base 11?
-217
What is 441 (base 12) in base 8?
1161
What is 354 (base 10) in base 15?
189
113130 (base 4) to base 10
1500
Convert 104453 (base 6) to base 16.
2271
What is 3764 (base 9) in base 15?
c77
What is 3811 (base 11) in base 9?
6735
What is 30a (base 12) in base 3?
121101
Convert -1412142 (base 5) to base 8.
-70567
12205 (base 6) to base 3
2110212
Convert 402 (base 14) to base 9.
1063
Convert 52967 (base 11) to base 13.
290a4
Convert 260641 (base 7) to base 14.
13891
What is -4057 (base 11) in base 4?
-1110022
Convert -da1 (base 15) to base 11.
-2347
Convert -4494 (base 15) to base 3.
-201221111
Convert -190 (base 15) to ba